{"id":154,"date":"2013-07-26T13:09:26","date_gmt":"2013-07-26T11:09:26","guid":{"rendered":"http:\/\/ssp.amu.edu.pl\/?page_id=154"},"modified":"2013-07-26T13:35:47","modified_gmt":"2013-07-26T11:35:47","slug":"nr-22009","status":"publish","type":"page","link":"http:\/\/ssp.amu.edu.pl\/en\/archive\/nr-22009\/","title":{"rendered":"Vol. 2\/2009"},"content":{"rendered":"<p><\/p>\n<h3>Articles<\/h3>\n<p><strong>Jacek Sobczak<br \/>\n<\/strong><a href=\"http:\/\/wnpid.amu.edu.pl\/images\/stories\/ssp\/ssp_2009_3\/005-038.pdf\">Ochrona prawnokarna d\u00f3br kultury <\/a><\/p>\n<p><strong>Ryszard Paradowski<br \/>\n<\/strong><a href=\"http:\/\/wnpid.amu.edu.pl\/images\/stories\/ssp\/ssp_2009_3\/039-052.pdf\">\u201eStworzenie cz\u0142owieka\u201d i typy komunikowania. Studium hermeneutyczne<\/a><\/p>\n<p><strong>Ryszard Kowalczyk<br \/>\n<\/strong><a href=\"http:\/\/wnpid.amu.edu.pl\/images\/stories\/ssp\/ssp_2009_3\/053-062.pdf\">Prasa lokalna na konkurencyjnym rynku \u2013 za\u0142o\u017cenia strategii rozwoju<\/a><\/p>\n<p><strong> Cezary Olbromski<br \/>\n<\/strong><a href=\"http:\/\/wnpid.amu.edu.pl\/images\/stories\/ssp\/ssp_2009_3\/063-076.pdf\">E-polis: etyczne dylematy GTI w domenie totarientalno\u015bci<\/a><\/p>\n<p><strong> Pawe\u0142 Stachowiak<br \/>\n<\/strong><a href=\"http:\/\/wnpid.amu.edu.pl\/images\/stories\/ssp\/ssp_2009_3\/077-092.pdf\">Ko\u015bci\u00f3\u0142 wobec pami\u0119ci zbiorowej polskiego spo\u0142ecze\u0144stwa. O niekt\u00f3rych strategiach i celach \u201eko\u015bcielnej polityki pami\u0119ci\u201d.<\/a><\/p>\n<p><strong> J\u0119drzej Skrzypczak<br \/>\n<\/strong><a href=\"http:\/\/wnpid.amu.edu.pl\/images\/stories\/ssp\/ssp_2009_3\/093-104.pdf\">Prawa i obowi\u0105zki stron umowy licencyjnej dotycz\u0105cej wzor\u00f3w przemys\u0142owych<\/a><\/p>\n<p><strong> Witold Sobczak (UAM)<br \/>\n<\/strong><a href=\"http:\/\/wnpid.amu.edu.pl\/images\/stories\/ssp\/ssp_2009_3\/105-124.pdf\">Ochrona dziedzictwa kultury w systemie prawnym Unii Europejskiej <\/a><\/p>\n<p><strong> Marek Jedli\u0144ski<br \/>\n<\/strong><a href=\"http:\/\/wnpid.amu.edu.pl\/images\/stories\/ssp\/ssp_2009_3\/125-142.pdf\">Polityka zagraniczna Federacji Rosyjskiej w latach 90- tych. Kontekst historyczno- ideowy <\/a><\/p>\n<p><strong> Marcin Rachwa\u0142<br \/>\n<\/strong><a href=\"http:\/\/wnpid.amu.edu.pl\/images\/stories\/ssp\/ssp_2009_3\/143-158.pdf\">Sonda\u017ce a wynik wybor\u00f3w &#8211; polskie do\u015bwiadczenia lat 1990-2005<\/a><\/p>\n<p><strong> Agnieszka Bielawska<br \/>\n<\/strong><a href=\"http:\/\/wnpid.amu.edu.pl\/images\/stories\/ssp\/ssp_2009_3\/159-200.pdf\">Normalizacja stosunk\u00f3w polsko-niemieckich \u2013 proces wci\u0105\u017c trwaj\u0105cy?<\/a><\/p>\n<p><strong> Konrad Wandowicz<br \/>\n<\/strong><a href=\"http:\/\/wnpid.amu.edu.pl\/images\/stories\/ssp\/ssp_2009_3\/201-234.pdf\">Demokracja a religia w \u015bwietle klasycznych teorii umowy spo\u0142ecznej<\/a><\/p>\n<p><strong> Krzysztof Patkowski<br \/>\n<\/strong><a href=\"http:\/\/wnpid.amu.edu.pl\/images\/stories\/ssp\/ssp_2009_3\/235-248.pdf\">Realizacja programu reprywatyzacji w Republice Czeskiej i na W\u0119grzech po roku 1989<\/a><\/p>\n<p><strong> Marcin Menkes<br \/>\n<\/strong><a href=\"http:\/\/wnpid.amu.edu.pl\/images\/stories\/ssp\/ssp_2009_3\/249-270.pdf\">Cooperation between The European Union and International Organisations in the field of commercial policy <\/a><\/p>\n<p><strong> Ksenia Kakareko<br \/>\n<\/strong><a href=\"http:\/\/wnpid.amu.edu.pl\/images\/stories\/ssp\/ssp_2009_3\/271-306.pdf\">To\u017csamo\u015b\u0107 Bia\u0142orusin\u00f3w <\/a><\/p>\n<p><strong> Julita Dzia\u0142ak<br \/>\n<\/strong><a href=\"http:\/\/wnpid.amu.edu.pl\/images\/stories\/ssp\/ssp_2009_3\/307-326.pdf\">Mi\u0119dzynarodowa ochrona korespondent\u00f3w wojennych<\/a><\/p>\n<h3><a href=\"http:\/\/wnpid.amu.edu.pl\/images\/stories\/ssp\/ssp_2009_3\/327-350.pdf\">Book reviews<\/a><\/h3>\n<ul>\n<li><em>Andrzej Lebiotkowski<\/em>, Ryszard Kowalczyk, \u201eMedia lokalne w Polsce\u201d, Wydawnictwo Naukowe Contact, Pozna\u0144 2009, ss. 278<\/li>\n<li><em>Olena Lugina<\/em>, Piotr Wdowiak \u201eIkony Rosji\u201d, Wroc\u0142aw 2008, ss.155.<\/li>\n<li><em>\u0141ukasz Dul\u0119ba<\/em>, M. Koz\u0142owski, M. Komar, \u201eHistoria z konsekwencjami\u201d, Warszawa 2009.<\/li>\n<li><em>Marcin Menkes<\/em>, Telewizja w Europie: regulacje, polityka i niezale\u017cno\u015b\u0107<\/li>\n<\/ul>\n<p><\/p>","protected":false},"excerpt":{"rendered":"<p>Articles Jacek Sobczak Ochrona prawnokarna d\u00f3br kultury Ryszard Paradowski \u201eStworzenie cz\u0142owieka\u201d i typy komunikowania. Studium hermeneutyczne Ryszard Kowalczyk Prasa lokalna na konkurencyjnym rynku \u2013 za\u0142o\u017cenia strategii rozwoju Cezary Olbromski E-polis: etyczne dylematy GTI w domenie totarientalno\u015bci Pawe\u0142 Stachowiak Ko\u015bci\u00f3\u0142 wobec pami\u0119ci zbiorowej polskiego spo\u0142ecze\u0144stwa. O niekt\u00f3rych strategiach i celach \u201eko\u015bcielnej polityki pami\u0119ci\u201d. J\u0119drzej Skrzypczak Prawa [&hellip;]<\/p>\n","protected":false},"author":1,"featured_media":0,"parent":32,"menu_order":0,"comment_status":"closed","ping_status":"open","template":"","meta":{"footnotes":""},"class_list":["post-154","page","type-page","status-publish","hentry"],"_links":{"self":[{"href":"http:\/\/ssp.amu.edu.pl\/en\/wp-json\/wp\/v2\/pages\/154","targetHints":{"allow":["GET"]}}],"collection":[{"href":"http:\/\/ssp.amu.edu.pl\/en\/wp-json\/wp\/v2\/pages"}],"about":[{"href":"http:\/\/ssp.amu.edu.pl\/en\/wp-json\/wp\/v2\/types\/page"}],"author":[{"embeddable":true,"href":"http:\/\/ssp.amu.edu.pl\/en\/wp-json\/wp\/v2\/users\/1"}],"replies":[{"embeddable":true,"href":"http:\/\/ssp.amu.edu.pl\/en\/wp-json\/wp\/v2\/comments?post=154"}],"version-history":[{"count":1,"href":"http:\/\/ssp.amu.edu.pl\/en\/wp-json\/wp\/v2\/pages\/154\/revisions"}],"predecessor-version":[{"id":183,"href":"http:\/\/ssp.amu.edu.pl\/en\/wp-json\/wp\/v2\/pages\/154\/revisions\/183"}],"up":[{"embeddable":true,"href":"http:\/\/ssp.amu.edu.pl\/en\/wp-json\/wp\/v2\/pages\/32"}],"wp:attachment":[{"href":"http:\/\/ssp.amu.edu.pl\/en\/wp-json\/wp\/v2\/media?parent=154"}],"curies":[{"name":"wp","href":"https:\/\/api.w.org\/{rel}","templated":true}]}}

<p></p>
<h3>Articles</h3>
<p><strong>Jacek Sobczak<br />
</strong><a href="http://wnpid.amu.edu.pl/images/stories/ssp/ssp_2009_3/005-038.pdf">Ochrona prawnokarna dóbr kultury </a></p>
<p><strong>Ryszard Paradowski<br />
</strong><a href="http://wnpid.amu.edu.pl/images/stories/ssp/ssp_2009_3/039-052.pdf">„Stworzenie człowieka” i typy komunikowania. Studium hermeneutyczne</a></p>
<p><strong>Ryszard Kowalczyk<br />
</strong><a href="http://wnpid.amu.edu.pl/images/stories/ssp/ssp_2009_3/053-062.pdf">Prasa lokalna na konkurencyjnym rynku – założenia strategii rozwoju</a></p>
<p><strong> Cezary Olbromski<br />
</strong><a href="http://wnpid.amu.edu.pl/images/stories/ssp/ssp_2009_3/063-076.pdf">E-polis: etyczne dylematy GTI w domenie totarientalności</a></p>
<p><strong> Paweł Stachowiak<br />
</strong><a href="http://wnpid.amu.edu.pl/images/stories/ssp/ssp_2009_3/077-092.pdf">Kościół wobec pamięci zbiorowej polskiego społeczeństwa. O niektórych strategiach i celach „kościelnej polityki pamięci”.</a></p>
<p><strong> Jędrzej Skrzypczak<br />
</strong><a href="http://wnpid.amu.edu.pl/images/stories/ssp/ssp_2009_3/093-104.pdf">Prawa i obowiązki stron umowy licencyjnej dotyczącej wzorów przemysłowych</a></p>
<p><strong> Witold Sobczak (UAM)<br />
</strong><a href="http://wnpid.amu.edu.pl/images/stories/ssp/ssp_2009_3/105-124.pdf">Ochrona dziedzictwa kultury w systemie prawnym Unii Europejskiej </a></p>
<p><strong> Marek Jedliński<br />
</strong><a href="http://wnpid.amu.edu.pl/images/stories/ssp/ssp_2009_3/125-142.pdf">Polityka zagraniczna Federacji Rosyjskiej w latach 90- tych. Kontekst historyczno- ideowy </a></p>
<p><strong> Marcin Rachwał<br />
</strong><a href="http://wnpid.amu.edu.pl/images/stories/ssp/ssp_2009_3/143-158.pdf">Sondaże a wynik wyborów &#8211; polskie doświadczenia lat 1990-2005</a></p>
<p><strong> Agnieszka Bielawska<br />
</strong><a href="http://wnpid.amu.edu.pl/images/stories/ssp/ssp_2009_3/159-200.pdf">Normalizacja stosunków polsko-niemieckich – proces wciąż trwający?</a></p>
<p><strong> Konrad Wandowicz<br />
</strong><a href="http://wnpid.amu.edu.pl/images/stories/ssp/ssp_2009_3/201-234.pdf">Demokracja a religia w świetle klasycznych teorii umowy społecznej</a></p>
<p><strong> Krzysztof Patkowski<br />
</strong><a href="http://wnpid.amu.edu.pl/images/stories/ssp/ssp_2009_3/235-248.pdf">Realizacja programu reprywatyzacji w Republice Czeskiej i na Węgrzech po roku 1989</a></p>
<p><strong> Marcin Menkes<br />
</strong><a href="http://wnpid.amu.edu.pl/images/stories/ssp/ssp_2009_3/249-270.pdf">Cooperation between The European Union and International Organisations in the field of commercial policy </a></p>
<p><strong> Ksenia Kakareko<br />
</strong><a href="http://wnpid.amu.edu.pl/images/stories/ssp/ssp_2009_3/271-306.pdf">Tożsamość Białorusinów </a></p>
<p><strong> Julita Działak<br />
</strong><a href="http://wnpid.amu.edu.pl/images/stories/ssp/ssp_2009_3/307-326.pdf">Międzynarodowa ochrona korespondentów wojennych</a></p>
<h3><a href="http://wnpid.amu.edu.pl/images/stories/ssp/ssp_2009_3/327-350.pdf">Book reviews</a></h3>
<ul>
<li><em>Andrzej Lebiotkowski</em>, Ryszard Kowalczyk, „Media lokalne w Polsce”, Wydawnictwo Naukowe Contact, Poznań 2009, ss. 278</li>
<li><em>Olena Lugina</em>, Piotr Wdowiak „Ikony Rosji”, Wrocław 2008, ss.155.</li>
<li><em>Łukasz Dulęba</em>, M. Kozłowski, M. Komar, „Historia z konsekwencjami”, Warszawa 2009.</li>
<li><em>Marcin Menkes</em>, Telewizja w Europie: regulacje, polityka i niezależność</li>
</ul>
<p></p>

<p>Articles Jacek Sobczak Ochrona prawnokarna dóbr kultury Ryszard Paradowski „Stworzenie człowieka” i typy komunikowania. Studium hermeneutyczne Ryszard Kowalczyk Prasa lokalna na konkurencyjnym rynku – założenia strategii rozwoju Cezary Olbromski E-polis: etyczne dylematy GTI w domenie totarientalności Paweł Stachowiak Kościół wobec pamięci zbiorowej polskiego społeczeństwa. O niektórych strategiach i celach „kościelnej polityki pamięci”. Jędrzej Skrzypczak Prawa [&hellip;]</p>
