{"id":1061,"date":"2020-11-16T09:11:32","date_gmt":"2020-11-16T08:11:32","guid":{"rendered":"http:\/\/ssp.amu.edu.pl\/?page_id=1061"},"modified":"2020-11-16T09:11:32","modified_gmt":"2020-11-16T08:11:32","slug":"nr-2-2020","status":"publish","type":"page","link":"http:\/\/ssp.amu.edu.pl\/en\/archive\/nr-2-2020\/","title":{"rendered":"Vol 2\/2020"},"content":{"rendered":"<p><strong>Vol. 2\/2020<\/strong><\/p>\n<p><a href=\"http:\/\/ssp.amu.edu.pl\/wp-content\/uploads\/2020\/08\/ssp-2020-2-okl.jpg\"><img loading=\"lazy\" decoding=\"async\" class=\"alignright  wp-image-248\" src=\"http:\/\/ssp.amu.edu.pl\/wp-content\/uploads\/2020\/08\/ssp-2020-2-okl.jpg\" alt=\"Ok\u0142adka SSP\" width=\"150\" height=\"213\" \/><\/a><\/strong><\/p>\n<p><a href=\"http:\/\/ssp.amu.edu.pl\/wp-content\/uploads\/2020\/08\/ssp-2020-2-00.pdf\">Contents<\/a><\/p>\n<p><strong>Miros\u0142aw Banasik <\/strong><br \/>\n<a href=\"http:\/\/ssp.amu.edu.pl\/wp-content\/uploads\/2020\/08\/ssp-2020-2-01.pdf\">Bezpiecze\u0144stwo Europy \u015arodkowo-Wschodniej w aspekcie zagro\u017ce\u0144 p\u0142yn\u0105cych z Federacji Rosyjskiej <\/a><\/p>\n<p><strong>Marcin Piechocki, Jacek Wyszy\u0144ski <\/strong><br \/>\n<a href=\"http:\/\/ssp.amu.edu.pl\/wp-content\/uploads\/2020\/08\/ssp-2020-2-02.pdf\">Dobra zmiana? Niemcy na antenie Wiadomo\u015bci TVP w 2015 i 2017 r. <\/a><\/p>\n<p><strong>Remigiusz Rosicki <\/strong><br \/>\n<a href=\"http:\/\/ssp.amu.edu.pl\/wp-content\/uploads\/2020\/08\/ssp-2020-2-03.pdf\">The geopolitical dimension of gas security in the European Union <\/a><\/p>\n<p><strong>Tadeusz Kami\u0144ski <\/strong><br \/>\n<a href=\"http:\/\/ssp.amu.edu.pl\/wp-content\/uploads\/2020\/08\/ssp-2020-2-04.pdf\">Polityczne uwarunkowania funkcjonowania ko\u015bcielnych organizacji charytatywnych w Republice Czeskiej  <\/a><\/p>\n<p><strong>\u0141ukasz Jure\u0144czyk <\/strong><br \/>\n<a href=\"http:\/\/ssp.amu.edu.pl\/wp-content\/uploads\/2020\/08\/ssp-2020-2-05.pdf\">Dzia\u0142ania Wielkiej Brytanii na rzecz wzmocnienia bezpiecze\u0144stwa p\u00f3\u0142nocno-wschodniej flanki NATO w obliczu aktywno\u015bci wojskowej Rosji na Ukrainie <\/a><\/p>\n<p><strong>Micha\u0142 Skorzycki <\/strong><br \/>\n<a href=\"http:\/\/ssp.amu.edu.pl\/wp-content\/uploads\/2020\/08\/ssp-2020-2-06.pdf\">Polityka europejska S\u0142owacji w kontek\u015bcie jej uczestnictwa w Grupie Wyszehradzkiej  <\/a><\/p>\n<p><strong>Oleg Gorbaniuk, Justyna \u015aniadach, Damian Piwowarczyk, Monika Bendyk, Ma\u0142gorzata Majewska, Anna Ostrowska <\/strong><br \/>\n<a href=\"http:\/\/ssp.amu.edu.pl\/wp-content\/uploads\/2020\/08\/ssp-2020-2-07.pdf\">Struktura wizerunku elektorat\u00f3w partii politycznych <\/a><\/p>\n<p><strong>Lucyna rajca <\/strong><br \/>\n<a href=\"http:\/\/ssp.amu.edu.pl\/wp-content\/uploads\/2020\/08\/ssp-2020-2-08.pdf\">Management reforms in the Polish and Hungarian local government <\/a><\/p>\n<p><strong>ks. Rafa\u0142 Le\u015bniczak <\/strong><br \/>\n<a href=\"http:\/\/ssp.amu.edu.pl\/wp-content\/uploads\/2020\/08\/ssp-2020-2-10.pdf\">Czy tygodnik katolicki \u201eNiedziela\u201d popar\u0142 Prawo i Sprawiedliwo\u015b\u0107 w kampanii parlamentarnej w 2019 r? Studium medioznawcze <\/a><\/p>\n<p><strong>Dariusz Miszewski <\/strong><br \/>\n<a href=\"http:\/\/ssp.amu.edu.pl\/wp-content\/uploads\/2020\/08\/ssp-2020-2-12.pdf\">Koncepcja federacyjna polskiego rz\u0105du jako forma nowego \u0142adu pokojowego w Europie (1939\u20131945) <\/a><\/p>\n<p><strong>Recenzje: <\/strong><br \/>\n<a href=\"http:\/\/ssp.amu.edu.pl\/wp-content\/uploads\/2020\/08\/ssp-2020-2-13.pdf\">Stanis\u0142aw Adam Paruch, Efektywno\u015b\u0107 ochrony praw cz\u0142owieka Rady Europy i Unii Europejskiej (K. Rezmer-P\u0142otka)<\/a><\/p>\n<p><a href=\"http:\/\/ssp.amu.edu.pl\/wp-content\/uploads\/2020\/08\/ssp-2020-2-14.pdf\"><strong>Contrubitors<\/strong><\/a><br \/>\n<\/p>","protected":false},"excerpt":{"rendered":"<p>Vol. 2\/2020 Contents Miros\u0142aw Banasik Bezpiecze\u0144stwo Europy \u015arodkowo-Wschodniej w aspekcie zagro\u017ce\u0144 p\u0142yn\u0105cych z Federacji Rosyjskiej Marcin Piechocki, Jacek Wyszy\u0144ski Dobra zmiana? Niemcy na antenie Wiadomo\u015bci TVP w 2015 i 2017 r. Remigiusz Rosicki The geopolitical dimension of gas security in the European Union Tadeusz Kami\u0144ski Polityczne uwarunkowania funkcjonowania ko\u015bcielnych organizacji charytatywnych w Republice Czeskiej \u0141ukasz [&hellip;]<\/p>\n","protected":false},"author":2,"featured_media":0,"parent":32,"menu_order":0,"comment_status":"closed","ping_status":"closed","template":"","meta":{"footnotes":""},"class_list":["post-1061","page","type-page","status-publish","hentry"],"_links":{"self":[{"href":"http:\/\/ssp.amu.edu.pl\/en\/wp-json\/wp\/v2\/pages\/1061","targetHints":{"allow":["GET"]}}],"collection":[{"href":"http:\/\/ssp.amu.edu.pl\/en\/wp-json\/wp\/v2\/pages"}],"about":[{"href":"http:\/\/ssp.amu.edu.pl\/en\/wp-json\/wp\/v2\/types\/page"}],"author":[{"embeddable":true,"href":"http:\/\/ssp.amu.edu.pl\/en\/wp-json\/wp\/v2\/users\/2"}],"replies":[{"embeddable":true,"href":"http:\/\/ssp.amu.edu.pl\/en\/wp-json\/wp\/v2\/comments?post=1061"}],"version-history":[{"count":1,"href":"http:\/\/ssp.amu.edu.pl\/en\/wp-json\/wp\/v2\/pages\/1061\/revisions"}],"predecessor-version":[{"id":1062,"href":"http:\/\/ssp.amu.edu.pl\/en\/wp-json\/wp\/v2\/pages\/1061\/revisions\/1062"}],"up":[{"embeddable":true,"href":"http:\/\/ssp.amu.edu.pl\/en\/wp-json\/wp\/v2\/pages\/32"}],"wp:attachment":[{"href":"http:\/\/ssp.amu.edu.pl\/en\/wp-json\/wp\/v2\/media?parent=1061"}],"curies":[{"name":"wp","href":"https:\/\/api.w.org\/{rel}","templated":true}]}}

<p><strong>Vol. 2/2020</strong></p>
<p><a href="http://ssp.amu.edu.pl/wp-content/uploads/2020/08/ssp-2020-2-okl.jpg"><img loading="lazy" decoding="async" class="alignright  wp-image-248" src="http://ssp.amu.edu.pl/wp-content/uploads/2020/08/ssp-2020-2-okl.jpg" alt="Okładka SSP" width="150" height="213" /></a></strong></p>
<p><a href="http://ssp.amu.edu.pl/wp-content/uploads/2020/08/ssp-2020-2-00.pdf">Contents</a></p>
<p><strong>Mirosław Banasik </strong><br />
<a href="http://ssp.amu.edu.pl/wp-content/uploads/2020/08/ssp-2020-2-01.pdf">Bezpieczeństwo Europy Środkowo-Wschodniej w aspekcie zagrożeń płynących z Federacji Rosyjskiej </a></p>
<p><strong>Marcin Piechocki, Jacek Wyszyński </strong><br />
<a href="http://ssp.amu.edu.pl/wp-content/uploads/2020/08/ssp-2020-2-02.pdf">Dobra zmiana? Niemcy na antenie Wiadomości TVP w 2015 i 2017 r. </a></p>
<p><strong>Remigiusz Rosicki </strong><br />
<a href="http://ssp.amu.edu.pl/wp-content/uploads/2020/08/ssp-2020-2-03.pdf">The geopolitical dimension of gas security in the European Union </a></p>
<p><strong>Tadeusz Kamiński </strong><br />
<a href="http://ssp.amu.edu.pl/wp-content/uploads/2020/08/ssp-2020-2-04.pdf">Polityczne uwarunkowania funkcjonowania kościelnych organizacji charytatywnych w Republice Czeskiej  </a></p>
<p><strong>Łukasz Jureńczyk </strong><br />
<a href="http://ssp.amu.edu.pl/wp-content/uploads/2020/08/ssp-2020-2-05.pdf">Działania Wielkiej Brytanii na rzecz wzmocnienia bezpieczeństwa północno-wschodniej flanki NATO w obliczu aktywności wojskowej Rosji na Ukrainie </a></p>
<p><strong>Michał Skorzycki </strong><br />
<a href="http://ssp.amu.edu.pl/wp-content/uploads/2020/08/ssp-2020-2-06.pdf">Polityka europejska Słowacji w kontekście jej uczestnictwa w Grupie Wyszehradzkiej  </a></p>
<p><strong>Oleg Gorbaniuk, Justyna Śniadach, Damian Piwowarczyk, Monika Bendyk, Małgorzata Majewska, Anna Ostrowska </strong><br />
<a href="http://ssp.amu.edu.pl/wp-content/uploads/2020/08/ssp-2020-2-07.pdf">Struktura wizerunku elektoratów partii politycznych </a></p>
<p><strong>Lucyna rajca </strong><br />
<a href="http://ssp.amu.edu.pl/wp-content/uploads/2020/08/ssp-2020-2-08.pdf">Management reforms in the Polish and Hungarian local government </a></p>
<p><strong>ks. Rafał Leśniczak </strong><br />
<a href="http://ssp.amu.edu.pl/wp-content/uploads/2020/08/ssp-2020-2-10.pdf">Czy tygodnik katolicki „Niedziela” poparł Prawo i Sprawiedliwość w kampanii parlamentarnej w 2019 r? Studium medioznawcze </a></p>
<p><strong>Dariusz Miszewski </strong><br />
<a href="http://ssp.amu.edu.pl/wp-content/uploads/2020/08/ssp-2020-2-12.pdf">Koncepcja federacyjna polskiego rządu jako forma nowego ładu pokojowego w Europie (1939–1945) </a></p>
<p><strong>Recenzje: </strong><br />
<a href="http://ssp.amu.edu.pl/wp-content/uploads/2020/08/ssp-2020-2-13.pdf">Stanisław Adam Paruch, Efektywność ochrony praw człowieka Rady Europy i Unii Europejskiej (K. Rezmer-Płotka)</a></p>
<p><a href="http://ssp.amu.edu.pl/wp-content/uploads/2020/08/ssp-2020-2-14.pdf"><strong>Contrubitors</strong></a><br />
</p>

<p>Vol. 2/2020 Contents Mirosław Banasik Bezpieczeństwo Europy Środkowo-Wschodniej w aspekcie zagrożeń płynących z Federacji Rosyjskiej Marcin Piechocki, Jacek Wyszyński Dobra zmiana? Niemcy na antenie Wiadomości TVP w 2015 i 2017 r. Remigiusz Rosicki The geopolitical dimension of gas security in the European Union Tadeusz Kamiński Polityczne uwarunkowania funkcjonowania kościelnych organizacji charytatywnych w Republice Czeskiej Łukasz [&hellip;]</p>
